7320 a multiple of 11?
False
Is 198 a factor of 2414360?
False
Is 96519 a multiple of 53?
False
Is 9 a factor of 220788?
True
Is 144660 a multiple of 10?
True
Does 46 divide 881379?
False
Does 4 divide 190319?
False
Is 74305 a multiple of 5?
True
Is 154341 a multiple of 9?
True
Is 23 a factor of 6877?
True
Is 23 a factor of 131713?
False
Is 27 a factor of 8694?
True
Is 338 a factor of 72622?
False
Does 20 divide 6925?
False
Is 5796504 a multiple of 279?
True
Is 498769 a multiple of 413?
False
Is 2018125 a multiple of 25?
True
Is 2865097 a multiple of 81?
False
Is 54675 even?
False
Is 21 a factor of 1309455?
True
Is 3845814 a multiple of 618?
True
Is 25 a factor of 1306871?
False
Is 54 a factor of 30522?
False
Does 31 divide 40009?
False
Does 14 divide 367761?
False
Does 8 divide 1086494?
False
Is 40759 a multiple of 284?
False
Does 129 divide 3769300?
False
Is 312 a factor of 2225628?
False
Is 91 a factor of 142142?
True
Does 52 divide 2146301?
False
Does 59 divide 554718?
True
Does 283 divide 75278?
True
Does 87 divide 268372?
False
Is 314 a factor of 3034646?
False
Does 15 divide 5215080?
True
Does 45 divide 594720?
True
Is 35 a factor of 1989989?
False
Is 108953 a multiple of 12?
False
Is 10 a factor of 489490?
True
Does 828 divide 1946628?
True
Is 434039 a multiple of 425?
False
Is 657516 a multiple of 12?
True
Is 10 a factor of 2657966?
False
Is 351910 a multiple of 2?
True
Is 26 a factor of 24803233?
False
Is 13 a factor of 2344186?
True
Does 547 divide 5418239?
False
Is 21412560 a multiple of 130?
True
Does 22 divide 190374?
False
Is 11 a factor of 1650637?
False
Does 42 divide 27828?
False
Is 10 a factor of 1022789?
False
Is 4302135 a multiple of 18?
False
Is 249488 a multiple of 20?
False
Is 301741 a multiple of 31?
False
Does 33 divide 296769?
True
Is 73598 a multiple of 14?
True
Does 664 divide 162016?
True
Is 1392 a multiple of 19?
False
Is 163017 a multiple of 307?
True
Is 11358090 a multiple of 13?
False
Is 1076 a factor of 3891892?
True
Is 497580 a multiple of 12?
True
Does 7 divide 200033?
False
Does 248 divide 5115000?
True
Is 1498213 a multiple of 11?
False
Does 47 divide 1886875?
False
Is 28 a factor of 190092?
True
Does 59 divide 29734?
False
Is 13 a factor of 231452?
True
Does 257 divide 22662514?
False
Does 175 divide 3425800?
True
Does 91 divide 22394827?
True
Does 12 divide 149758?
False
Is 17 a factor of 97580?
True
Is 355107 a multiple of 3?
True
Is 1076 a factor of 2756672?
False
Is 356 a factor of 558371?
False
Does 110 divide 1616018?
False
Does 13 divide 23302?
False
Is 61 a factor of 175421?
False
Is 126 a factor of 419283?
False
Is 297810 a multiple of 90?
True
Is 85932 a multiple of 66?
True
Is 292000 a multiple of 20?
True
Is 4 a factor of 264564?
True
Is 143 a factor of 341611?
False
Is 48 a factor of 224784?
True
Is 4389293 a multiple of 346?
False
Does 749 divide 255055?
False
Is 80 a factor of 631392?
False
Is 13 a factor of 227825?
True
Is 58496 a multiple of 16?
True
Is 141 a factor of 101278?
False
Is 42217 a multiple of 37?
True
Is 586753 a multiple of 263?
True
Is 258 a factor of 593196?
False
Is 55 a factor of 7353497?
False
Is 14238273 a multiple of 1029?
True
Is 4447645 a multiple of 5?
True
Is 53 a factor of 1587403?
True
Is 310 a factor of 2785660?
True
Is 3157696 a multiple of 655?
False
Does 24 divide 4368?
True
Is 25 a factor of 3873334?
False
Does 104 divide 292312?
False
Is 607452 a multiple of 446?
True
Does 777 divide 17088064?
False
Is 22 a factor of 374792?
True
Is 8380 a multiple of 17?
False
Is 1027575 a multiple of 17?
False
Is 304 a factor of 8964048?
True
Is 1293284 a multiple of 58?
True
Does 107 divide 10283?
False
Is 310 a factor of 1324320?
True
Is 73 a factor of 166294?
True
Is 230929 a multiple of 22?
False
Is 40 a factor of 623586?
False
Is 1457 a factor of 6246159?
True
Is 108928 a multiple of 592?
True
Is 59 a factor of 203648?
False
Is 289 a factor of 472515?
True
Is 164 a factor of 62138?
False
Is 62991 a multiple of 11?
False
Does 22 divide 2495504?
True
Does 122 divide 21510108?
False
Is 34 a factor of 25466?
True
Is 1163650 a multiple of 241?
False
Does 230 divide 2740450?
True
Is 22980 a multiple of 20?
True
Is 263461 a multiple of 43?
True
Does 3 divide 1203481?
False
Does 4 divide 14415?
False
Is 5 a factor of 257980?
True
Is 4 a factor of 379192?
True
Is 425 a factor of 3825000?
True
Does 2 divide 95541?
False
Does 151 divide 19134508?
False
Is 20 a factor of 407420?
True
Is 258140 a multiple of 12?
False
Does 44 divide 38068?
False
Does 22 divide 33865?
False
Is 54 a factor of 8419360?
False
Is 4 a factor of 92436?
True
Is 500752 a multiple of 136?
True
Is 181446 a multiple of 3?
True
Is 7 a factor of 166751?
False
Is 204321 a multiple of 93?
True
Is 469349 a multiple of 173?
True
Does 58 divide 10325?
False
Is 36 a factor of 1104862?
False
Is 33 a factor of 627264?
True
Is 590 a factor of 12952270?
True
Is 14 a factor of 2033277?
False
Is 242 a factor of 3426374?
False
Is 132778 a multiple of 11?
False
Does 8 divide 186096?
True
Does 11 divide 522550?
False
Does 5 divide 1225438?
False
Is 828020 a multiple of 67?
False
Does 22 divide 407726?
True
Does 104 divide 1427825?
False
Does 93 divide 36829?
False
Is 96 a factor of 163104?
True
Is 56432 a multiple of 4?
True
Is 2149240 a multiple of 13?
False
Is 15939 a multiple of 77?
True
Is 1419718 a multiple of 441?
False
Is 9 a factor of 6475?
False
Does 73 divide 1457340?
False
Is 151328 a multiple of 141?
False
Does 101 divide 9777810?
True
Does 338 divide 4486968?
False
Is 27 a factor of 378459?
True
Does 11 divide 4628811?
True
Is 21036120 a multiple of 8?
True
Is 14 a factor of 4373194?
True
Is 16 a factor of 13746?
False
Is 523 a factor of 14078637?
True
Is 67008 a multiple of 16?
True
Is 1021388 a multiple of 12?
False
Is 195 a factor of 58081?
False
Is 13 a factor of 3000244?
True
Is 18904 a multiple of 4?
True
Is 128428 a multiple of 246?
False
Does 56 divide 34664?
True
Does 16 divide 233056?
True
Does 15 divide 1282515?
True
Is 5628 a multiple of 117?
False
Is 7972137 a multiple of 11?
False
Is 336362 a multiple of 13?
True
Is 186760 a multiple of 58?
True
Does 353 divide 302553?
False
Does 166 divide 1363398?
False
Does 155 divide 5330179?
False
Does 13 divide 9126?
True
Is 16 a factor of 243872?
True
Is 2109632 a multiple of 277?
True
Is 131 a factor of 3162733?
True
Does 104 divide 106600?
True
Is 70436 a multiple of 4?
True
Does 33 divide 415077?
False
Is 4525483 a multiple of 349?
True
Does 319 divide 678513?
True
Is 78 a factor of 91179?
False
Does 271 divide 219510?
True
Is 46 a factor of 75716?
True
Is 23979 a multiple of 4?
False
Does 5 divide 43093?
False
Does 23 divide 88711?
True
Does 3 divide 775923?
True
Is 42720 a multiple of 80?
True
Is 557350 a multiple of 18?
False
Does 345 divide 175627?
False
Does 18 divide 373968?
True
Is 1147 a factor of 4842634?
True
Does 124 divide 5618055?
False
Is 29 a factor of 4016036?
True
Does 59 divide 60770?
True
Is 78010 a multiple of 3?
False
Does 818 divide 214316?
True
Is 18108 a multiple of 36?
True
Is 210649 a multiple of 2?
False
Does 6 divide 206556?
True
Does 53 divide 32754?
True
Is 23 a factor of 44827?
True
Is 725 a factor of 9372075?
True
Is 7 a factor of 244352?
False
Is 2352213 a multiple of 132?
False
Does 104 divide 103604?
False
Is 6 a factor of 1400070?
True
Is 152606 a multiple of 114?
False
Does 115 divide 41400?
True
Is 126720 a multiple of 330?
True
Is 119 a factor of 820029?
True
Does 129 divide 47859?
True
Is 21216041 a multiple of 22?
False
Is 1470470 a multiple of 914?
False
Does 286 divide 145358?
False
Does 127 divide 692577?
False
Does 8 divide 22984?
True
Is 155648 a multiple of 90?
False
Is 582 a factor of 1879720?
False
Is 63 a factor of 1911785?
False
Is 3511035 a multiple of 29?
False
Does 10 divide 185861?
False
Is 2239524 a multiple of 21?
True
Is 86 a factor of 192640?
True
Is 9710888 a multiple of 652?
True
Does 33 divide 5586636?
True
Is 774337 a multiple of 249?
False
Does 573 divide 4579785?
False
Is 269 a factor of 1757567?
False
Does 22 divide 603064?
True
Is 474704 a multiple of 2?
True
Is 553525 a multiple of 3?
False
Is 20 a factor of 1138950?
False
Is 705680 a multiple of 900?
False
Is 367 a factor of 78721